{"id":1461,"date":"2024-02-15T13:16:02","date_gmt":"2024-02-15T13:16:02","guid":{"rendered":"http:\/\/localhost\/mdamulti\/?page_id=1461"},"modified":"2024-02-16T06:02:06","modified_gmt":"2024-02-16T06:02:06","slug":"crbst_22","status":"publish","type":"page","link":"https:\/\/preprod.gmindia.tech\/mda\/crbst_22\/","title":{"rendered":"AU S\u00c9N\u00c9GAL &#8211; Casamance Le projet de biblioth\u00e8que"},"content":{"rendered":"\n<div class=\" wp-block-cover aligncenter eplus-wrapper\" style=\"min-height:447px;aspect-ratio:unset;\"><span aria-hidden=\"true\" class=\"wp-block-cover__background has-background-dim-20 has-background-dim\"><\/span><img loading=\"lazy\" decoding=\"async\" width=\"600\" height=\"415\" class=\"wp-block-cover__image-background wp-image-1463\" alt=\"\" src=\"https:\/\/preprod.gmindia.tech\/mda\/wp-content\/uploads\/2024\/02\/BIBLIO_20CASAMANCE.jpg\" data-object-fit=\"cover\" srcset=\"https:\/\/preprod.gmindia.tech\/mda\/wp-content\/uploads\/2024\/02\/BIBLIO_20CASAMANCE.jpg 600w, https:\/\/preprod.gmindia.tech\/mda\/wp-content\/uploads\/2024\/02\/BIBLIO_20CASAMANCE-300x208.jpg 300w\" sizes=\"auto, (max-width: 600px) 100vw, 600px\" \/><div class=\"wp-block-cover__inner-container is-layout-flow wp-block-cover-is-layout-flow\"><div class=\"gb-container gb-container-0ec1aad3\">\n\n<h1 class=\"wp-block-heading has-text-align-center has-text-color has-background has-link-color eplus-wrapper wp-elements-1a6eb594a770e646c0ae7de680629d2f\" style=\"color:#070707;background-color:#ffffff;margin-top:0px;margin-bottom:60px;padding-top:0px;padding-bottom:0px;font-size:clamp(14px, 0.875rem + ((1vw - 3.2px) * 0.682), 20px);font-style:normal;font-weight:600;text-transform:none\">A<strong>U S\u00c9N\u00c9GAL &#8211; Casamance <\/strong><br><strong>Le projet de biblioth\u00e8que<\/strong><\/h1>\n\n<\/div><\/div><\/div>\n\n\n\n<p class=\" has-text-align-center eplus-wrapper\" style=\"font-size:clamp(14px, 0.875rem + ((1vw - 3.2px) * 0.114), 15px);\">Biblioth\u00e8que, un espace culturel \u00e0 Cap Skirring &#8211; Casamance<br>Un lieu de rencontre, un espace convivial pour tous les \u00e2ges.<\/p>\n\n\n\n<div style=\"height:30px\" aria-hidden=\"true\" class=\" wp-block-spacer eplus-wrapper\"><\/div>\n\n\n\n<p class=\" eplus-wrapper\" style=\"font-size:clamp(14px, 0.875rem + ((1vw - 3.2px) * 0.114), 15px);\">Le lieu<br>La biblioth\u00e8que r\u00e9unira, pour les habitants de Cap Skirring et des villages de la communaut\u00e9 rurale de Dj\u00e9mbering, des livres r\u00e9colt\u00e9s en France. Cela afin de favoriser la culture \u00e9crite, la diffusion de livres et de journaux mais \u00e9galement pour raviver la culture orale et faciliter la rencontre avec l&rsquo; Autre. Comme dans une biblioth\u00e8que publique, un \u00e9change de livres sera possible. Ce lieu pourra \u00eatre autog\u00e9r\u00e9 par la communaut\u00e9 rurale et les habitants, selon leurs rythmes et leur propre logique. Ouverte \u00e0 tous, hommes, femmes et enfants scolaris\u00e9s ou non, cette biblioth\u00e8que constituera un p\u00f4le de ressources \u00e9ducatives, artistiques et sociales et un espace de rencontres et de libre-parole.<\/p>\n\n\n\n<p class=\" eplus-wrapper\" style=\"font-size:clamp(14px, 0.875rem + ((1vw - 3.2px) * 0.114), 15px);\">Une salle de rencontres : culture et d\u00e9bat<br>Dans la biblioth\u00e8que, des soir\u00e9es-rencontres seront organis\u00e9es autour des th\u00e8mes suivants:<br>* les m\u00e9moires individuelles et collectives : autour du griot de village, des sages, des artisans,<br>* les identit\u00e9s culturelles et sociales, gr\u00e2ce aux anciens du village, aux traditions orales, les contes, la musique, etc.<br>* l\u2019histoire des cultures, des pratiques artisanales (sens et langage des motifs) \u00e0 la cr\u00e9ation contemporaine,<br>* la connaissance et de la reconnaissance de l&rsquo;histoire de l&rsquo;Afrique, en mettent l&rsquo;accent sur les cultures et l&rsquo;histoire locales, le d\u00e9veloppement de la&nbsp;&nbsp; Casamance ainsi que les rencontres de cultures locales avec celles d&rsquo;ailleurs,<br>* de Cin\u00e9ma-d\u00e9bat autour de sujets historiques, politiques ou sociaux. (Exemple: Nelson Mandela, Thomas Sankara, Bamako&#8230;),<br>* de th\u00e8mes sociaux (excision, droits de la femme, droits de l&rsquo;enfant, droits de l&rsquo;Homme&#8230;) et du vivre-ensemble dans le respect mutuel, dans l&rsquo;acceptation des histoires individuelles et collectives.<\/p>\n\n\n\n<div style=\"height:30px\" aria-hidden=\"true\" class=\" wp-block-spacer eplus-wrapper\"><\/div>\n\n\n\n<div class=\"wp-block-columns eplus-wrapper is-layout-flex wp-container-core-columns-is-layout-28f84493 wp-block-columns-is-layout-flex\">\n<div class=\"wp-block-column eplus-wrapper is-layout-flow wp-block-column-is-layout-flow\">\n<figure class=\" wp-block-image aligncenter size-full eplus-wrapper\"><img loading=\"lazy\" decoding=\"async\" width=\"296\" height=\"198\" src=\"https:\/\/preprod.gmindia.tech\/mda\/wp-content\/uploads\/2024\/02\/crbst_Untitled-1.jpg\" alt=\"\" class=\"wp-image-1466\"\/><\/figure>\n<\/div>\n\n\n\n<div class=\"wp-block-column eplus-wrapper is-layout-flow wp-block-column-is-layout-flow\">\n<figure class=\" wp-block-image aligncenter size-full eplus-wrapper\"><img loading=\"lazy\" decoding=\"async\" width=\"264\" height=\"197\" src=\"https:\/\/preprod.gmindia.tech\/mda\/wp-content\/uploads\/2024\/02\/crbst_DSC05091.jpg\" alt=\"\" class=\"wp-image-1467\"\/><\/figure>\n<\/div>\n<\/div>\n\n\n\n<div class=\"wp-block-buttons eplus-wrapper is-layout-flex wp-block-buttons-is-layout-flex\">\n<div class=\"is-style-outline wp-block-button has-custom-width wp-block-button__width-100 has-custom-font-size eplus-wrapper is-style-outline--1\" style=\"font-size:clamp(14px, 0.875rem + ((1vw - 3.2px) * 0.227), 16px);\"><a class=\"wp-block-button__link wp-element-button\" href=\"https:\/\/preprod.gmindia.tech\/mda\/wp-content\/uploads\/2024\/02\/Slide_20show_20biblio_20mars_20V2_202013_204_20_281_29.pdf\" style=\"border-radius:0px\" target=\"_blank\" rel=\"noreferrer noopener\"><strong>DIAPORAMA<\/strong><\/a><\/div>\n<\/div>\n\n\n\n<div class=\"wp-block-columns eplus-wrapper is-layout-flex wp-container-core-columns-is-layout-28f84493 wp-block-columns-is-layout-flex\">\n<div class=\"wp-block-column eplus-wrapper is-layout-flow wp-block-column-is-layout-flow\">\n<figure class=\" wp-block-image aligncenter size-full eplus-wrapper\"><img loading=\"lazy\" decoding=\"async\" width=\"296\" height=\"187\" src=\"https:\/\/preprod.gmindia.tech\/mda\/wp-content\/uploads\/2024\/02\/crbst_Untitled-10.jpg\" alt=\"\" class=\"wp-image-1469\"\/><\/figure>\n<\/div>\n\n\n\n<div class=\"wp-block-column eplus-wrapper is-layout-flow wp-block-column-is-layout-flow\">\n<figure class=\" wp-block-image aligncenter size-full eplus-wrapper\"><img loading=\"lazy\" decoding=\"async\" width=\"264\" height=\"198\" src=\"https:\/\/preprod.gmindia.tech\/mda\/wp-content\/uploads\/2024\/02\/crbst_DSC05094.jpg\" alt=\"\" class=\"wp-image-1470\"\/><\/figure>\n<\/div>\n<\/div>\n","protected":false},"excerpt":{"rendered":"<p>Biblioth\u00e8que, un espace culturel \u00e0 Cap Skirring &#8211; CasamanceUn lieu de rencontre, un espace convivial pour tous les \u00e2ges. Le lieuLa biblioth\u00e8que r\u00e9unira, pour les habitants de Cap Skirring et des villages de la communaut\u00e9 rurale de Dj\u00e9mbering, des livres r\u00e9colt\u00e9s en France. Cela afin de favoriser la culture \u00e9crite, la diffusion de livres et [&hellip;]<\/p>\n","protected":false},"author":1,"featured_media":0,"parent":0,"menu_order":0,"comment_status":"closed","ping_status":"closed","template":"websites-island","meta":{"footnotes":""},"class_list":["post-1461","page","type-page","status-publish","hentry"],"yoast_head":"<!-- This site is optimized with the Yoast SEO plugin v23.9 - https:\/\/yoast.com\/wordpress\/plugins\/seo\/ -->\n<title>AU S\u00c9N\u00c9GAL - Casamance Le projet de biblioth\u00e8que - M\u00e9moire de l&#039;Avenir<\/title>\n<meta name=\"robots\" content=\"index, follow, max-snippet:-1, max-image-preview:large, max-video-preview:-1\" \/>\n<link rel=\"canonical\" href=\"https:\/\/preprod.gmindia.tech\/mda\/crbst_22\/\" \/>\n<meta property=\"og:locale\" content=\"fr_FR\" \/>\n<meta property=\"og:type\" content=\"article\" \/>\n<meta property=\"og:title\" content=\"AU S\u00c9N\u00c9GAL - Casamance Le projet de biblioth\u00e8que - M\u00e9moire de l&#039;Avenir\" \/>\n<meta property=\"og:description\" content=\"Biblioth\u00e8que, un espace culturel \u00e0 Cap Skirring &#8211; CasamanceUn lieu de rencontre, un espace convivial pour tous les \u00e2ges. Le lieuLa biblioth\u00e8que r\u00e9unira, pour les habitants de Cap Skirring et des villages de la communaut\u00e9 rurale de Dj\u00e9mbering, des livres r\u00e9colt\u00e9s en France. Cela afin de favoriser la culture \u00e9crite, la diffusion de livres et [&hellip;]\" \/>\n<meta property=\"og:url\" content=\"https:\/\/preprod.gmindia.tech\/mda\/crbst_22\/\" \/>\n<meta property=\"og:site_name\" content=\"M\u00e9moire de l&#039;Avenir\" \/>\n<meta property=\"article:modified_time\" content=\"2024-02-16T06:02:06+00:00\" \/>\n<meta property=\"og:image\" content=\"https:\/\/preprod.gmindia.tech\/mda\/wp-content\/uploads\/2024\/02\/BIBLIO_20CASAMANCE.jpg\" \/>\n\t<meta property=\"og:image:width\" content=\"600\" \/>\n\t<meta property=\"og:image:height\" content=\"415\" \/>\n\t<meta property=\"og:image:type\" content=\"image\/jpeg\" \/>\n<meta name=\"twitter:card\" content=\"summary_large_image\" \/>\n<meta name=\"twitter:label1\" content=\"Dur\u00e9e de lecture estim\u00e9e\" \/>\n\t<meta name=\"twitter:data1\" content=\"2 minutes\" \/>\n<script type=\"application\/ld+json\" class=\"yoast-schema-graph\">{\"@context\":\"https:\/\/schema.org\",\"@graph\":[{\"@type\":\"WebPage\",\"@id\":\"https:\/\/preprod.gmindia.tech\/mda\/crbst_22\/\",\"url\":\"https:\/\/preprod.gmindia.tech\/mda\/crbst_22\/\",\"name\":\"AU S\u00c9N\u00c9GAL - Casamance Le projet de biblioth\u00e8que - M\u00e9moire de l&#039;Avenir\",\"isPartOf\":{\"@id\":\"https:\/\/preprod.gmindia.tech\/mda\/#website\"},\"primaryImageOfPage\":{\"@id\":\"https:\/\/preprod.gmindia.tech\/mda\/crbst_22\/#primaryimage\"},\"image\":{\"@id\":\"https:\/\/preprod.gmindia.tech\/mda\/crbst_22\/#primaryimage\"},\"thumbnailUrl\":\"https:\/\/preprod.gmindia.tech\/mda\/wp-content\/uploads\/2024\/02\/BIBLIO_20CASAMANCE.jpg\",\"datePublished\":\"2024-02-15T13:16:02+00:00\",\"dateModified\":\"2024-02-16T06:02:06+00:00\",\"breadcrumb\":{\"@id\":\"https:\/\/preprod.gmindia.tech\/mda\/crbst_22\/#breadcrumb\"},\"inLanguage\":\"fr-FR\",\"potentialAction\":[{\"@type\":\"ReadAction\",\"target\":[\"https:\/\/preprod.gmindia.tech\/mda\/crbst_22\/\"]}]},{\"@type\":\"ImageObject\",\"inLanguage\":\"fr-FR\",\"@id\":\"https:\/\/preprod.gmindia.tech\/mda\/crbst_22\/#primaryimage\",\"url\":\"https:\/\/preprod.gmindia.tech\/mda\/wp-content\/uploads\/2024\/02\/BIBLIO_20CASAMANCE.jpg\",\"contentUrl\":\"https:\/\/preprod.gmindia.tech\/mda\/wp-content\/uploads\/2024\/02\/BIBLIO_20CASAMANCE.jpg\",\"width\":600,\"height\":415},{\"@type\":\"BreadcrumbList\",\"@id\":\"https:\/\/preprod.gmindia.tech\/mda\/crbst_22\/#breadcrumb\",\"itemListElement\":[{\"@type\":\"ListItem\",\"position\":1,\"name\":\"Home\",\"item\":\"https:\/\/preprod.gmindia.tech\/mda\/\"},{\"@type\":\"ListItem\",\"position\":2,\"name\":\"AU S\u00c9N\u00c9GAL &#8211; Casamance Le projet de biblioth\u00e8que\"}]},{\"@type\":\"WebSite\",\"@id\":\"https:\/\/preprod.gmindia.tech\/mda\/#website\",\"url\":\"https:\/\/preprod.gmindia.tech\/mda\/\",\"name\":\"M\u00e9moire de l&#039;Avenir\",\"description\":\"\",\"publisher\":{\"@id\":\"https:\/\/preprod.gmindia.tech\/mda\/#organization\"},\"potentialAction\":[{\"@type\":\"SearchAction\",\"target\":{\"@type\":\"EntryPoint\",\"urlTemplate\":\"https:\/\/preprod.gmindia.tech\/mda\/?s={search_term_string}\"},\"query-input\":{\"@type\":\"PropertyValueSpecification\",\"valueRequired\":true,\"valueName\":\"search_term_string\"}}],\"inLanguage\":\"fr-FR\"},{\"@type\":\"Organization\",\"@id\":\"https:\/\/preprod.gmindia.tech\/mda\/#organization\",\"name\":\"M\u00e9moire de l&#039;Avenir\",\"url\":\"https:\/\/preprod.gmindia.tech\/mda\/\",\"logo\":{\"@type\":\"ImageObject\",\"inLanguage\":\"fr-FR\",\"@id\":\"https:\/\/preprod.gmindia.tech\/mda\/#\/schema\/logo\/image\/\",\"url\":\"https:\/\/preprod.gmindia.tech\/mda\/wp-content\/uploads\/2024\/01\/logo_20mda_2010202000.png\",\"contentUrl\":\"https:\/\/preprod.gmindia.tech\/mda\/wp-content\/uploads\/2024\/01\/logo_20mda_2010202000.png\",\"width\":123,\"height\":220,\"caption\":\"M\u00e9moire de l&#039;Avenir\"},\"image\":{\"@id\":\"https:\/\/preprod.gmindia.tech\/mda\/#\/schema\/logo\/image\/\"}}]}<\/script>\n<!-- \/ Yoast SEO plugin. -->","yoast_head_json":{"title":"AU S\u00c9N\u00c9GAL - Casamance Le projet de biblioth\u00e8que - M\u00e9moire de l&#039;Avenir","robots":{"index":"index","follow":"follow","max-snippet":"max-snippet:-1","max-image-preview":"max-image-preview:large","max-video-preview":"max-video-preview:-1"},"canonical":"https:\/\/preprod.gmindia.tech\/mda\/crbst_22\/","og_locale":"fr_FR","og_type":"article","og_title":"AU S\u00c9N\u00c9GAL - Casamance Le projet de biblioth\u00e8que - M\u00e9moire de l&#039;Avenir","og_description":"Biblioth\u00e8que, un espace culturel \u00e0 Cap Skirring &#8211; CasamanceUn lieu de rencontre, un espace convivial pour tous les \u00e2ges. Le lieuLa biblioth\u00e8que r\u00e9unira, pour les habitants de Cap Skirring et des villages de la communaut\u00e9 rurale de Dj\u00e9mbering, des livres r\u00e9colt\u00e9s en France. Cela afin de favoriser la culture \u00e9crite, la diffusion de livres et [&hellip;]","og_url":"https:\/\/preprod.gmindia.tech\/mda\/crbst_22\/","og_site_name":"M\u00e9moire de l&#039;Avenir","article_modified_time":"2024-02-16T06:02:06+00:00","og_image":[{"width":600,"height":415,"url":"https:\/\/preprod.gmindia.tech\/mda\/wp-content\/uploads\/2024\/02\/BIBLIO_20CASAMANCE.jpg","type":"image\/jpeg"}],"twitter_card":"summary_large_image","twitter_misc":{"Dur\u00e9e de lecture estim\u00e9e":"2 minutes"},"schema":{"@context":"https:\/\/schema.org","@graph":[{"@type":"WebPage","@id":"https:\/\/preprod.gmindia.tech\/mda\/crbst_22\/","url":"https:\/\/preprod.gmindia.tech\/mda\/crbst_22\/","name":"AU S\u00c9N\u00c9GAL - Casamance Le projet de biblioth\u00e8que - M\u00e9moire de l&#039;Avenir","isPartOf":{"@id":"https:\/\/preprod.gmindia.tech\/mda\/#website"},"primaryImageOfPage":{"@id":"https:\/\/preprod.gmindia.tech\/mda\/crbst_22\/#primaryimage"},"image":{"@id":"https:\/\/preprod.gmindia.tech\/mda\/crbst_22\/#primaryimage"},"thumbnailUrl":"https:\/\/preprod.gmindia.tech\/mda\/wp-content\/uploads\/2024\/02\/BIBLIO_20CASAMANCE.jpg","datePublished":"2024-02-15T13:16:02+00:00","dateModified":"2024-02-16T06:02:06+00:00","breadcrumb":{"@id":"https:\/\/preprod.gmindia.tech\/mda\/crbst_22\/#breadcrumb"},"inLanguage":"fr-FR","potentialAction":[{"@type":"ReadAction","target":["https:\/\/preprod.gmindia.tech\/mda\/crbst_22\/"]}]},{"@type":"ImageObject","inLanguage":"fr-FR","@id":"https:\/\/preprod.gmindia.tech\/mda\/crbst_22\/#primaryimage","url":"https:\/\/preprod.gmindia.tech\/mda\/wp-content\/uploads\/2024\/02\/BIBLIO_20CASAMANCE.jpg","contentUrl":"https:\/\/preprod.gmindia.tech\/mda\/wp-content\/uploads\/2024\/02\/BIBLIO_20CASAMANCE.jpg","width":600,"height":415},{"@type":"BreadcrumbList","@id":"https:\/\/preprod.gmindia.tech\/mda\/crbst_22\/#breadcrumb","itemListElement":[{"@type":"ListItem","position":1,"name":"Home","item":"https:\/\/preprod.gmindia.tech\/mda\/"},{"@type":"ListItem","position":2,"name":"AU S\u00c9N\u00c9GAL &#8211; Casamance Le projet de biblioth\u00e8que"}]},{"@type":"WebSite","@id":"https:\/\/preprod.gmindia.tech\/mda\/#website","url":"https:\/\/preprod.gmindia.tech\/mda\/","name":"M\u00e9moire de l&#039;Avenir","description":"","publisher":{"@id":"https:\/\/preprod.gmindia.tech\/mda\/#organization"},"potentialAction":[{"@type":"SearchAction","target":{"@type":"EntryPoint","urlTemplate":"https:\/\/preprod.gmindia.tech\/mda\/?s={search_term_string}"},"query-input":{"@type":"PropertyValueSpecification","valueRequired":true,"valueName":"search_term_string"}}],"inLanguage":"fr-FR"},{"@type":"Organization","@id":"https:\/\/preprod.gmindia.tech\/mda\/#organization","name":"M\u00e9moire de l&#039;Avenir","url":"https:\/\/preprod.gmindia.tech\/mda\/","logo":{"@type":"ImageObject","inLanguage":"fr-FR","@id":"https:\/\/preprod.gmindia.tech\/mda\/#\/schema\/logo\/image\/","url":"https:\/\/preprod.gmindia.tech\/mda\/wp-content\/uploads\/2024\/01\/logo_20mda_2010202000.png","contentUrl":"https:\/\/preprod.gmindia.tech\/mda\/wp-content\/uploads\/2024\/01\/logo_20mda_2010202000.png","width":123,"height":220,"caption":"M\u00e9moire de l&#039;Avenir"},"image":{"@id":"https:\/\/preprod.gmindia.tech\/mda\/#\/schema\/logo\/image\/"}}]}},"_links":{"self":[{"href":"https:\/\/preprod.gmindia.tech\/mda\/wp-json\/wp\/v2\/pages\/1461","targetHints":{"allow":["GET"]}}],"collection":[{"href":"https:\/\/preprod.gmindia.tech\/mda\/wp-json\/wp\/v2\/pages"}],"about":[{"href":"https:\/\/preprod.gmindia.tech\/mda\/wp-json\/wp\/v2\/types\/page"}],"author":[{"embeddable":true,"href":"https:\/\/preprod.gmindia.tech\/mda\/wp-json\/wp\/v2\/users\/1"}],"replies":[{"embeddable":true,"href":"https:\/\/preprod.gmindia.tech\/mda\/wp-json\/wp\/v2\/comments?post=1461"}],"version-history":[{"count":7,"href":"https:\/\/preprod.gmindia.tech\/mda\/wp-json\/wp\/v2\/pages\/1461\/revisions"}],"predecessor-version":[{"id":1519,"href":"https:\/\/preprod.gmindia.tech\/mda\/wp-json\/wp\/v2\/pages\/1461\/revisions\/1519"}],"wp:attachment":[{"href":"https:\/\/preprod.gmindia.tech\/mda\/wp-json\/wp\/v2\/media?parent=1461"}],"curies":[{"name":"wp","href":"https:\/\/api.w.org\/{rel}","templated":true}]}}